{"id":5649,"date":"2021-03-17T13:37:30","date_gmt":"2021-03-17T13:37:30","guid":{"rendered":"http:\/\/www.northcross.cl\/?page_id=5649"},"modified":"2025-12-04T14:21:11","modified_gmt":"2025-12-04T17:21:11","slug":"orientaciones-para-apoderados","status":"publish","type":"page","link":"https:\/\/www.northcross.cl\/index.php\/orientaciones-para-apoderados\/","title":{"rendered":"Orientaciones para apoderados"},"content":{"rendered":"<h2>Orientacion para Apoderados<\/h2>\n\n\n<p style=\"font-size:23px\">Estimado apoderado despu\u00e9s de las dos primeras semanas de clases se hace necesario realizar algunas indicaciones sobre el funcionamiento del sistema de clases mixto.<\/p>\n\n\n\n<p style=\"font-size:23px\">1.- Se solicita a los apoderados cautelar que los estudiantes ingresen a la plataforma del classroom en el horario que corresponda, seg\u00fan la asignatura y buscar all\u00ed los links para las clases sincr\u00f3nicas seg\u00fan el grupo que corresponda A o B.<\/p>\n\n\n\n<p style=\"font-size:23px\">2.- Algunos profesores est\u00e1n utilizando el mismo link para sus clases, esto lo explicaron una vez, pero debido a que no todos los apoderados lo entendieron se les ha pedido a los profesores publicar el link nuevamente, aunque este se repita.<\/p>\n\n\n\n<p style=\"font-size:23px\">3.- Si por problemas de conectividad el profesor\/a no puede conectar el d\u00eda y hora en que corresponda, se informar\u00e1 al apoderado a la brevedad a trav\u00e9s de la misma plataforma y al t\u00e9rmino de la jornada se subir\u00e1 una grabaci\u00f3n de la clase correspondiente.<\/p>\n\n\n\n<p style=\"font-size:23px\">4.- Si un estudiante se encuentra sin conexi\u00f3n en el momento de la clase debe informarlo a trav\u00e9s de la plataforma al profesor o por v\u00eda telef\u00f3nica a secretar\u00eda, luego entrar a la plataforma y ver lo subido por los profesores.<\/p>\n\n\n\n<p style=\"font-size:23px\">5.- Es importante que los alumnos que no les corresponda asistir al colegio ya sea del grupo A o B revisen la plataforma y vayan realizando las actividades propuestas por los docentes, siguiendo las instrucciones dadas.<\/p>\n\n\n\n<p style=\"font-size:23px\">6.- Los&nbsp; avisos especiales dados a un curso&nbsp; o grupo se har\u00e1n llegar a trav\u00e9s de los correos institucionales de los estudiantes<\/p>\n\n\n\n<p style=\"font-size:23px\">7.- Cualquier otro aviso general se realizar\u00e1 a trav\u00e9s de la pag. Web del colegio<\/p>\n\n\n\n<p class=\"has-text-align-center\" style=\"font-size:23px\"><p><strong>Con \u00e1nimo a seguir trabajando en este nuevo desaf\u00edo<\/strong><\/p><\/p>\n\n\n\n<p class=\"has-text-align-center\" style=\"font-size:23px\"><p><strong>Atte. Coordinaci\u00f3n T\u00e9cnica Pedag\u00f3gica North Cross School<\/strong><\/p><\/p>\n\n\n\n<p class=\"has-text-align-center\"><p><img decoding=\"async\" src=\"https:\/\/www.northcross.cl\/wp-content\/uploads\/2020\/03\/cropped-image-300x211.png\" alt=\"\" style=\"\"><\/p><\/p>\n\n\n\n<p><\/p>\n","protected":false},"excerpt":{"rendered":"<p>Orientacion para Apoderados Estimado apoderado despu\u00e9s de las dos primeras semanas de clases se hace necesario realizar algunas indicaciones sobre el funcionamiento del sistema de clases mixto. 1.- Se solicita&#8230;<\/p>\n<div class=\"royalnews-readmore-wrap\"><a href=\"https:\/\/www.northcross.cl\/index.php\/orientaciones-para-apoderados\/\" class=\"royalnews-readmore\">Explore more <i class=\"far fa-hand-point-right\"><\/i><\/a><\/div>\n","protected":false},"author":1,"featured_media":0,"parent":0,"menu_order":0,"comment_status":"closed","ping_status":"closed","template":"","meta":{"footnotes":""},"class_list":["post-5649","page","type-page","status-publish","hentry"],"_links":{"self":[{"href":"https:\/\/www.northcross.cl\/index.php\/wp-json\/wp\/v2\/pages\/5649","targetHints":{"allow":["GET"]}}],"collection":[{"href":"https:\/\/www.northcross.cl\/index.php\/wp-json\/wp\/v2\/pages"}],"about":[{"href":"https:\/\/www.northcross.cl\/index.php\/wp-json\/wp\/v2\/types\/page"}],"author":[{"embeddable":true,"href":"https:\/\/www.northcross.cl\/index.php\/wp-json\/wp\/v2\/users\/1"}],"replies":[{"embeddable":true,"href":"https:\/\/www.northcross.cl\/index.php\/wp-json\/wp\/v2\/comments?post=5649"}],"version-history":[{"count":1,"href":"https:\/\/www.northcross.cl\/index.php\/wp-json\/wp\/v2\/pages\/5649\/revisions"}],"predecessor-version":[{"id":14616,"href":"https:\/\/www.northcross.cl\/index.php\/wp-json\/wp\/v2\/pages\/5649\/revisions\/14616"}],"wp:attachment":[{"href":"https:\/\/www.northcross.cl\/index.php\/wp-json\/wp\/v2\/media?parent=5649"}],"curies":[{"name":"wp","href":"https:\/\/api.w.org\/{rel}","templated":true}]}}