{"id":4131,"date":"2020-03-04T14:49:48","date_gmt":"2020-03-04T14:49:48","guid":{"rendered":"http:\/\/www.northcross.cl\/?page_id=4131"},"modified":"2026-04-17T12:07:01","modified_gmt":"2026-04-17T16:07:01","slug":"1-medio-a-3","status":"publish","type":"page","link":"https:\/\/www.northcross.cl\/index.php\/1-medio-a-3\/","title":{"rendered":"1\u00b0 MEDIO A PRUEBAS Y EVALUACIONES"},"content":{"rendered":"\n<p class=\"has-white-color has-vivid-red-background-color has-text-color has-background has-link-color wp-elements-c671ff672f0d00470dd3ac7cd4df357e\"><strong>(Lengua y Literatura)<\/strong><\/p>\n\n\n\n<p>Nombre Profesor(a): Nathaly Y\u00e1\u00f1ez<\/p>\n\n\n\n<p>Curso: I medio A<br>Fecha de la evaluaci\u00f3n: viernes 24 de abril<br>Contenido: timbres Unidad 1 (acumulativa)<\/p>\n\n\n\n<p class=\"has-white-color has-vivid-red-background-color has-text-color has-background has-link-color wp-elements-7f8e00dd3240e3c9e2bd93f0e5d9a592\"><strong>Evaluaci\u00f3n de Historia<\/strong><\/p>\n\n\n\n<p>Nombre Profesor(a): Liang Lay Roco<br>Curso: I\u00b0 Medio A<br>Fecha de la evaluaci\u00f3n: 20 de abril<br>Contenido: Periodo conservador<\/p>\n\n\n\n<ul class=\"wp-block-list\">\n<li>Ensayos constitucionales<\/li>\n\n\n\n<li>Constituci\u00f3n de 1833<\/li>\n\n\n\n<li>Econom\u00eda en los primeros a\u00f1os de la rep\u00fablica<\/li>\n\n\n\n<li>Idea de naci\u00f3n<\/li>\n<\/ul>\n\n\n\n<p class=\"has-white-color has-vivid-red-background-color has-text-color has-background has-link-color wp-elements-e27c9c6dfd568e9a5cf3757973b96338\"><strong>Evaluaci\u00f3n control de matem\u00e1ticas<\/strong><\/p>\n\n\n\n<p>Nombre Profesor(a): Jens Voss<br>Curso: Primero medio A-B<br>Fecha de la evaluaci\u00f3n:16\/04\/26 (B); 17\/04\/26 (A)<br>Contenidos:<br>-Operatorias combinadas utilizando propiedades de potencia.<\/p>\n\n\n\n<p class=\"has-white-color has-vivid-red-background-color has-text-color has-background has-link-color wp-elements-d0e0d48797d22d17d8567034fd538a5f\"><strong>Evaluaci\u00f3n prueba de matem\u00e1ticas<\/strong><\/p>\n\n\n\n<p>Nombre Profesor(a):Jens Voss<br>Curso: Primero medio A-B<br>Fecha de la evaluaci\u00f3n: 21\/04\/26 (A-B)<br>Contenidos:<\/p>\n\n\n\n<ul class=\"wp-block-list\">\n<li>Operatorias combinadas utilizando propiedades de potencia.<br>-Crecimiento y decrecimiento exponencial.<\/li>\n<\/ul>\n\n\n\n<p class=\"has-white-color has-vivid-red-background-color has-text-color has-background has-link-color wp-elements-c67eb81704acdaf123cf0857d3ba6a37\"><strong>Evaluaci\u00f3n control recuperativo matem\u00e1ticas<\/strong><\/p>\n\n\n\n<p>Nombre Profesor(a):Jens Voss<br>Curso:Primero medio A-B<br>Fecha de la evaluaci\u00f3n:14\/04\/26<br>Contenidos:<br>-Operatorias combinadas.<\/p>\n\n\n\n<p class=\"has-white-color has-vivid-red-background-color has-text-color has-background has-link-color wp-elements-f84d254a479195f3980cc2ff921a8061\"><strong>Evaluaci\u00f3n de Unidad 1: TALLER DE HABILIDADES COMUNICATIVAS<\/strong><\/p>\n\n\n\n<p>Nombre Profesor: V\u00edctor Herrera<br>Curso: 1\u00b0 Medio A<br>Fecha de la evaluaci\u00f3n: jueves 16 de abril de 2026<br>Contenido: Revisi\u00f3n de timbres por actividades de la primera unidad (5 timbres)<\/p>\n\n\n\n<p class=\"has-white-color has-vivid-red-background-color has-text-color has-background has-link-color wp-elements-6aff8e81e7c10c8e76ae3f6121fbe9fb\"><strong>Evaluaci\u00f3n de Ingl\u00e9s<\/strong><\/p>\n\n\n\n<p>Nombre Profesor: Daniel Jeria Ram\u00edrez.<br>Curso: 1ro medio A<br>Fecha de la evaluaci\u00f3n: lunes 13 de abril.<\/p>\n\n\n\n<p>Contenidos:<br>Uso de la expresi\u00f3n \u201cused to\u201d en afirmaci\u00f3n, negaci\u00f3n y pregunta.<br>Reglas para el presente simple (s, es, ies, don\u2019t, doesn\u2019t)<br>Formar el pasado de los verbos regulares (ed)<br>Comprensi\u00f3n lectora del texto de la p\u00e1gina 13.<\/p>\n\n\n\n<p class=\"has-white-color has-vivid-red-background-color has-text-color has-background has-link-color wp-elements-6aff8e81e7c10c8e76ae3f6121fbe9fb\"><strong>Evaluaci\u00f3n de Ingl\u00e9s<\/strong><\/p>\n\n\n\n<p>Nombre Profesor: Daniel Jeria Ram\u00edrez.<br>Curso: 1ro medio A<br>Fecha de la evaluaci\u00f3n: lunes 6 de abril.<\/p>\n\n\n\n<p>Contenidos:<br>Control acumulativo del pasado regular. Formar el pasado aplicando las reglas para agregar \u201ced\u201d<\/p>\n\n\n\n<p class=\"has-white-color has-vivid-red-background-color has-text-color has-background has-link-color wp-elements-6c330f3203b2a706cb45faeb2f18f7b0\"><strong>Evaluaci\u00f3n de M\u00fasica<\/strong><\/p>\n\n\n\n<p>Nombre Profesor(a): Gabriel L\u00f3pez Carroza<br>Curso: 1ro medio<br>Fecha de la evaluaci\u00f3n: 7 de Abril<br>Contenido: Evaluaci\u00f3n individual de interpretaci\u00f3n musical: dominio de la melod\u00eda, acordes o<br>letra, precisi\u00f3n r\u00edtmica, pulso constante, trabajo en clases.<\/p>\n\n\n\n<p class=\"has-white-color has-vivid-red-background-color has-text-color has-background has-link-color wp-elements-f92376a6dea28a6bd2b6a4ea59eb18d4\"><strong>PRIMERO MEDIO A &#8211; F\u00cdSICA<br><\/strong>PRUEBA DE F\u00cdSICA<\/p>\n\n\n\n<p><br>NOMBRE PROFESOR(A): KARLA FERRADA GONZ\u00c1LEZ<br>CURSO: PRIMERO MEDIO A<br>FECHA: VIERNES 17 DE ABRIL<br>CONTENIDOS:<br>UNIDAD 1: ONDAS Y SONIDO<br>\uf020\uf020\uf020\uf020\uf0f0 \u00bfQU\u00c9 ES UNA ONDA?<br>\uf020\uf020\uf020\uf020\uf0f0 ELEMENTOS ESTRUCTURALES DE UNA ONDA: DEFINICIONES<br>\uf020\uf020\uf020\uf020\uf0f0 ELEMENTOS TEMPORALES DE UNA ONDA: DEFINIR Y CALCULAR: LONGITUD DE ONDA, PERIODO,<\/p>\n\n\n\n<p>FRECUENCIA, RAPIDEZ (VELOCIDAD), AMPLITUD, LARGO DEL TREN, ETC.<\/p>\n\n\n\n<p>\uf020\uf020\uf020\uf020\uf0f0 ONDAS SONORAS: CARACTER\u00cdSTICAS Y PROPIEDADES<br>MATERIAL DE ESTUDIO:<br>\uf0b7 APUNTES DE CLASES<br>\uf0b7 LIBRO DE F\u00cdSICA 1ro\/2do MEDIO (UNIDAD 1; pp 7 \u2013 23)<br>\uf0b7 GU\u00cdA TE\u00d3RICO \u2013 PR\u00c1CTICA DE \u201cINTRODUCCI\u00d3N A LAS ONDAS Y SU CLASIFICACI\u00d3N\u201d COMPLETA<br>\uf0b7 GU\u00cdA TE\u00d3RICO \u2013 PR\u00c1CTICA DE \u201cONDAS SONORAS\u201d<\/p>\n\n\n\n<p class=\"has-white-color has-vivid-red-background-color has-text-color has-background has-link-color wp-elements-4ef0c80f056349288e734d1f67e56df7\"><strong>(Evaluaci\u00f3n de Tecnolog\u00eda)<\/strong><\/p>\n\n\n\n<p>Nombre Profesora: Alejandra Gonz\u00e1lez<br>Curso: I\u00b0 medio A<br>Fecha de la evaluaci\u00f3n: 08 de Abril<br>Contenido: Entrega de mejoras de su hogar.<\/p>\n\n\n\n<p class=\"has-white-color has-vivid-red-background-color has-text-color has-background has-link-color wp-elements-68b9cf7d9b071cb40d58e2e9b4dedd67\"><strong>(PRUEBA DE QUIMICA)<\/strong><\/p>\n\n\n\n<p>Nombre Profesor(a): Victoria Berrueta Reyes<br>Curso: 1 Medio A<br>Fecha de la evaluaci\u00f3n: Martes 14 de Abril<br>CONTENIDOS<br>Unidad 1 Completa<br>QUE ES LA MATERIA<br>CARACTERISTICAS DEL ATOMO<br>CALCULO DE PARTICULAS SUBATOMICAS<br>IONES: CATIONES Y ANIONES<br>ISOBAROS, ISOTONOS E ISOTOPOS<br>MODELOS ATOMICOS<br>NUMEROS CUANTICOS<br>CONFIGURACION ELECTRONICA<\/p>\n\n\n\n<p class=\"has-white-color has-vivid-red-background-color has-text-color has-background has-link-color wp-elements-572661008a682bb7d56c1d60d5970219\"><strong>(Evaluaci\u00f3n de Artes Visuales)<\/strong><\/p>\n\n\n\n<p>Nombre Profesora: Alejandra Gonz\u00e1lez<br>Curso: I\u00b0 medio<br>Fecha de la evaluaci\u00f3n: 07 de Abril<br>Contenido: Entrega de bodeg\u00f3n + achurado + escala de grises<\/p>\n\n\n\n<p class=\"has-white-color has-vivid-red-background-color has-text-color has-background has-link-color wp-elements-c41d8ef8535a4cc0ba7ded0e9eeb6049\"><strong>EDUCACI\u00d3N F\u00cdSICA Y SALUD<\/strong><\/p>\n\n\n\n<p>Nombre Profesor(a):Ljubab Antonella Espinosa<br>Curso: 1ro medio A y B<br>Fecha de la evaluaci\u00f3n:16\/04<br>Evaluaci\u00f3n Trote continuos 17 minutos (Se promediar\u00e1 las notas de los tres mejores tiempos<br>realizados por el estudiante). No se exige cantidad de vueltas ni tampoco velocidad del trote.<br>Solo que el ritmo del trote debe permitir al estudiante poder lograr el trabajo sin caminatas y<br>ni detenciones.<br>Fecha de la evaluaci\u00f3n:23\/04<br>Realizan diferentes ejercicios (demuestran progreso) llevan registro del entrenamiento (Se<br>presenta con su hoja de registro diario). Se aplicar\u00e1 test de elevaci\u00f3n de pierna; flexiones y<br>sentadilla.<\/p>\n\n\n\n<p class=\"has-white-color has-vivid-red-background-color has-text-color has-background has-link-color wp-elements-3e10ce5608573e4cfc602f0112a8b907\"><strong>Gu\u00eda con cuaderno Biolog\u00eda 1\u00b0 Medio A<\/strong><\/p>\n\n\n\n<p>25\/03<\/p>\n\n\n\n<p>Contenidos: Evoluci\u00f3n y biodiversidad, explicaciones cient\u00edficas y no cient\u00edficas para la<br>biodiversidad.<\/p>\n\n\n\n<p class=\"has-white-color has-vivid-red-background-color has-text-color has-background has-link-color wp-elements-ca0df4f0cbdcf7b4fa1cbdefb4b167dc\"><strong>Prueba de Matem\u00e1tica<\/strong><\/p>\n\n\n\n<p>Nombre Profesor(a): Valeria Guerrero<br>Curso: 1ero A<br>Fecha de la evaluaci\u00f3n: 31\/03\/2026<br>Contenido:<\/p>\n\n\n\n<ul class=\"wp-block-list\">\n<li>Sumar y restar numero racionales<\/li>\n\n\n\n<li>Multiplicar y dividir n\u00fameros racionales<\/li>\n\n\n\n<li>Operatoria combinada con n\u00fameros racionales<\/li>\n\n\n\n<li>Comparar n\u00fameros racionales<\/li>\n\n\n\n<li>Identificar conjunto n\u00fameros reales<\/li>\n<\/ul>\n\n\n\n<p class=\"has-white-color has-vivid-red-background-color has-text-color has-background has-link-color wp-elements-fb8f1044a196a0939d04a7158b2e1b93\"><strong>(Evaluaci\u00f3n de Lenguaje y Comunicaci\u00f3n)<\/strong><\/p>\n\n\n\n<p>Nombre Profesor(a): Nathaly Y\u00e1\u00f1ez<br>Curso: I medio A<br>Fecha de la evaluaci\u00f3n: viernes 20 de marzo<br>Contenido: Prueba de Lectura Complementaria El a\u00f1o que nos volvimos todos un poco locos<\/p>\n\n\n\n<p class=\"has-white-color has-vivid-red-background-color has-text-color has-background has-link-color wp-elements-fb8f1044a196a0939d04a7158b2e1b93\"><strong>(Evaluaci\u00f3n de Lenguaje y Comunicaci\u00f3n)<\/strong><\/p>\n\n\n\n<p>Nombre Profesor(a): Nathaly Y\u00e1\u00f1ez<br>Curso: I medio A<br>Fecha de la evaluaci\u00f3n: lunes 20 de abril<br>Contenido: Prueba de Lectura Complementaria Frankenstein o el moderno Prometeo<\/p>\n\n\n\n<p class=\"has-white-color has-vivid-red-background-color has-text-color has-background has-link-color wp-elements-fb8f1044a196a0939d04a7158b2e1b93\"><strong>(Evaluaci\u00f3n de Lenguaje y Comunicaci\u00f3n)<\/strong><\/p>\n\n\n\n<p>Nombre Profesor(a): Nathaly Y\u00e1\u00f1ez<br>Curso: I medio A<br>Fecha de la evaluaci\u00f3n: lunes 25 de mayo<br>Contenido: Prueba de Lectura Complementaria La casa de Bernarda Alba<\/p>\n\n\n\n<p><\/p>\n","protected":false},"excerpt":{"rendered":"<p>(Lengua y Literatura) Nombre Profesor(a): Nathaly Y\u00e1\u00f1ez Curso: I medio AFecha de la evaluaci\u00f3n: viernes 24 de abrilContenido: timbres Unidad 1 (acumulativa) Evaluaci\u00f3n de Historia Nombre Profesor(a): Liang Lay RocoCurso:&#8230;<\/p>\n<div class=\"royalnews-readmore-wrap\"><a href=\"https:\/\/www.northcross.cl\/index.php\/1-medio-a-3\/\" class=\"royalnews-readmore\">Explore more <i class=\"far fa-hand-point-right\"><\/i><\/a><\/div>\n","protected":false},"author":1,"featured_media":0,"parent":0,"menu_order":0,"comment_status":"closed","ping_status":"closed","template":"","meta":{"footnotes":""},"class_list":["post-4131","page","type-page","status-publish","hentry"],"_links":{"self":[{"href":"https:\/\/www.northcross.cl\/index.php\/wp-json\/wp\/v2\/pages\/4131","targetHints":{"allow":["GET"]}}],"collection":[{"href":"https:\/\/www.northcross.cl\/index.php\/wp-json\/wp\/v2\/pages"}],"about":[{"href":"https:\/\/www.northcross.cl\/index.php\/wp-json\/wp\/v2\/types\/page"}],"author":[{"embeddable":true,"href":"https:\/\/www.northcross.cl\/index.php\/wp-json\/wp\/v2\/users\/1"}],"replies":[{"embeddable":true,"href":"https:\/\/www.northcross.cl\/index.php\/wp-json\/wp\/v2\/comments?post=4131"}],"version-history":[{"count":21,"href":"https:\/\/www.northcross.cl\/index.php\/wp-json\/wp\/v2\/pages\/4131\/revisions"}],"predecessor-version":[{"id":15417,"href":"https:\/\/www.northcross.cl\/index.php\/wp-json\/wp\/v2\/pages\/4131\/revisions\/15417"}],"wp:attachment":[{"href":"https:\/\/www.northcross.cl\/index.php\/wp-json\/wp\/v2\/media?parent=4131"}],"curies":[{"name":"wp","href":"https:\/\/api.w.org\/{rel}","templated":true}]}}