{"id":4101,"date":"2020-03-04T14:33:48","date_gmt":"2020-03-04T14:33:48","guid":{"rendered":"http:\/\/www.northcross.cl\/?page_id=4101"},"modified":"2026-04-16T14:48:02","modified_gmt":"2026-04-16T18:48:02","slug":"5-basico-a-2","status":"publish","type":"page","link":"https:\/\/www.northcross.cl\/index.php\/5-basico-a-2\/","title":{"rendered":"5\u00b0 B\u00c1SICO A PRUEBAS Y EVALUACIONES"},"content":{"rendered":"\n<p class=\"has-white-color has-vivid-red-background-color has-text-color has-background has-link-color wp-elements-2d2ad041347fc50ed3013eddd99f3e03\"><strong>EVALUACI\u00d3N PARCIAL UNIDAD I<\/strong><\/p>\n\n\n\n<p><br>Nombre Profesora: Vanessa D\u00edaz Car\u00fa<br>Curso: 5\u00b0 b\u00e1sico<br>Asignatura: Ciencias Naturales<br>Fecha de la evaluaci\u00f3n: 24 de abril<br>Objetivo: * Reconocen el uso del agua en las actividades humanas, identificando los tipos<br>de contaminaci\u00f3n y los efectos de la intervenci\u00f3n humana en las reservas de agua.<\/p>\n\n\n\n<p class=\"has-white-color has-vivid-red-background-color has-text-color has-background has-link-color wp-elements-b9eecc0a0d5ccb74b0561003f63bb4ae\"><strong>Evaluaci\u00f3n de Lenguaje y Comunicaci\u00f3n<\/strong><\/p>\n\n\n\n<p>Nombre Profesor(a): Javiera Parra<br>Curso: 5to b\u00e1sico<br>Fecha de la evaluaci\u00f3n: Jueves 16 de abril<br>Contenidos: Art\u00edculo informativo<br>\u25cf Prop\u00f3sito y caracter\u00edsticas.<br>\u25cf Estructura.<br>\u25cf Comprensi\u00f3n lectora.<\/p>\n\n\n\n<p class=\"has-white-color has-vivid-red-background-color has-text-color has-background has-link-color wp-elements-ca0df4f0cbdcf7b4fa1cbdefb4b167dc\"><strong>Prueba de Matem\u00e1tica<\/strong><\/p>\n\n\n\n<p>Curso: quinto a\u00f1o b\u00e1sico<br>Fecha: lunes 13 de abril<br>Contenido:<br>Cap\u00edtulo 2 \u201cMultiplicaci\u00f3n\u201d<br>\uf0fc Multiplicar n\u00fameros de 2 d\u00edgitos con uno o ambos m\u00faltiplos de 10.<br>\uf0fc Multiplicar con estrategia de multiplicar y dividir por 2.<br>\uf0fc Aplicar propiedades de la multiplicaci\u00f3n para elaborar estrategias de c\u00e1lculo.<br>\uf0fc Estimar productos.<br>\uf0fc Calcular multiplicaciones entre n\u00fameros de dos d\u00edgitos usando el algoritmo.<br>\uf0fc Resolver problemas<br>Texto del estudiante tomo 1 p\u00e1g. 38 a 50<\/p>\n\n\n\n<p class=\"has-white-color has-vivid-red-background-color has-text-color has-background has-link-color wp-elements-04d56d0d7cf5ed1ab3bd633743215d9a\"><strong>Evaluaci\u00f3n de Taller de habilidades comunicativas<\/strong><\/p>\n\n\n\n<p>Nombre Profesor(a): Javiera Parra<br>Curso: 5to b\u00e1sico<br>Fecha de la evaluaci\u00f3n: Mi\u00e9rcoles 08 de abril<br>Contenidos: Gu\u00eda evaluada (acumulativa): Ortograf\u00eda acentual<br>\u25cf Palabras agudas, graves y esdr\u00fajulas.<br>\u25cf S\u00edlaba t\u00f3nica.<br>\u25cf Separaci\u00f3n de s\u00edlabas.<br>\u25cf Tildes.<\/p>\n\n\n\n<p class=\"has-white-color has-vivid-red-background-color has-text-color has-background has-link-color wp-elements-b44141668391e514671fcedbd9b930f9\">Evaluaci\u00f3n de Ingl\u00e9s<\/p>\n\n\n\n<p>Nombre Profesor: Daniel Jeria Ram\u00edrez.<br>Curso: 5to b\u00e1sico<br>Fecha de la evaluaci\u00f3n: martes 7 de abril.<br>Contenidos:<br>Evaluaci\u00f3n oral de rutinas diarias:<br>Deben presentar (leer) el trabajo realizado en la sala de computaci\u00f3n seg\u00fan instrucciones y pauta enviada al correo.<\/p>\n\n\n\n<p class=\"has-white-color has-vivid-red-background-color has-text-color has-background has-link-color wp-elements-6c330f3203b2a706cb45faeb2f18f7b0\"><strong>Evaluaci\u00f3n de M\u00fasica<\/strong><\/p>\n\n\n\n<p>Nombre Profesor(a): Gabriel L\u00f3pez Carroza<br>Curso: 5to b\u00e1sico<br>Fecha de la evaluaci\u00f3n: 7 de Abril<br>Contenido: Evaluaci\u00f3n sobre g\u00e9neros musicales latinoamericanos: Cumbia, bolero, bachata y<br>tango. Saber sus caracter\u00edsticas principales, de qu\u00e9 pa\u00eds se originan y sus instrumentos<br>musicales m\u00e1s comunes. Identificar g\u00e9neros musicales de manera auditiva.<\/p>\n\n\n\n<p class=\"has-white-color has-vivid-red-background-color has-text-color has-background has-link-color wp-elements-4ef0c80f056349288e734d1f67e56df7\"><strong>(Evaluaci\u00f3n de Tecnolog\u00eda)<\/strong><\/p>\n\n\n\n<p>Nombre Profesora: Alejandra Gonz\u00e1lez<br>Curso: 5to b\u00e1sico<br>Fecha de la evaluaci\u00f3n: 06 de Abril<br>Contenido: Revisi\u00f3n de afiche instructivo<\/p>\n\n\n\n<p class=\"has-white-color has-vivid-red-background-color has-text-color has-background has-link-color wp-elements-572661008a682bb7d56c1d60d5970219\"><strong>(Evaluaci\u00f3n de Artes Visuales)<\/strong><\/p>\n\n\n\n<p>Nombre Profesora: Alejandra Gonz\u00e1lez<br>Curso: 5to b\u00e1sico<br>Fecha de la evaluaci\u00f3n: 9 de Abril<br>Contenido: Entrega de obra visual impresionismo + puntillismo<\/p>\n\n\n\n<p class=\"has-white-color has-vivid-red-background-color has-text-color has-background has-link-color wp-elements-7f8e00dd3240e3c9e2bd93f0e5d9a592\"><strong>Evaluaci\u00f3n de Historia<\/strong><\/p>\n\n\n\n<p><br>Nombre Profesor(a): Liang Lay Roco<br>Curso: 5\u00b0 B\u00e1sico<br>Fecha de la evaluaci\u00f3n: 31 de marzo<br>Contenido: Zonas Naturales<\/p>\n\n\n\n<ul class=\"wp-block-list\">\n<li>Macroformas de relieve<\/li>\n\n\n\n<li>Caracter\u00edsticas de las zonas<br>\uf0b7 L\u00edmites<br>\uf0b7 Clima<br>\uf0b7 Relieve<br>\uf0b7 Hidrograf\u00eda<\/li>\n<\/ul>\n\n\n\n<p class=\"has-white-color has-vivid-red-background-color has-text-color has-background has-link-color wp-elements-c41d8ef8535a4cc0ba7ded0e9eeb6049\"><strong>EDUCACI\u00d3N F\u00cdSICA Y SALUD<\/strong><\/p>\n\n\n\n<p>Nombre Profesor(a): Ljubab Antonella Espinosa<\/p>\n\n\n\n<p>Curso: 5to B\u00e1sico<br>Fecha de la evaluaci\u00f3n: 13\/04<br>Realizan al menos unas destrezas gimn\u00e1sticas.<\/p>\n\n\n\n<p>Fecha de la evaluaci\u00f3n: 20\/04<br>En pareja y separados por 5 metros de distancia se lanzan pases de pecho y bote a lo largo de la<br>cancha (ida pecho, vuelta bote) con desplazamiento lateral. Individualmente recorren<br>TROTANDO lo largo de la cancha boteando el bal\u00f3n en l\u00ednea recta con una mano, lanzan al aro y<br>luego vuelven trotando al punto de inicio boteando el bal\u00f3n con la otra mano.<\/p>\n\n\n\n<p class=\"has-white-color has-vivid-red-background-color has-text-color has-background has-link-color wp-elements-2d2ad041347fc50ed3013eddd99f3e03\"><strong>EVALUACI\u00d3N PARCIAL UNIDAD I<\/strong><\/p>\n\n\n\n<p><br>Nombre Profesora: Vanessa D\u00edaz Car\u00fa<br>Curso: 5\u00b0 b\u00e1sico<br>Asignatura: Ciencias Naturales<br>Fecha de la evaluaci\u00f3n: 27 de marzo<br>Objetivo: Comprender la importancia del agua, identificando su distribuci\u00f3n en la Tierra,<br>sus principales caracter\u00edsticas y su clasificaci\u00f3n, mediante el an\u00e1lisis y reconocimiento de<br>ejemplos en distintos contextos.<\/p>\n\n\n\n<p class=\"has-white-color has-vivid-red-background-color has-text-color has-background has-link-color wp-elements-ca0df4f0cbdcf7b4fa1cbdefb4b167dc\"><strong>Prueba de Matem\u00e1tica<\/strong><\/p>\n\n\n\n<p>Curso: Quinto a\u00f1o b\u00e1sico<br>Fecha: martes 24 de marzo<br>Contenido:<br>Cap\u00edtulo 1: N\u00fameros grandes<br>En n\u00fameros hasta los millones.<br>\uf0fc Leer y escribir<br>\uf0fc Identificar el valor posicional<br>\uf0fc Formar cantidades utilizando la tabla de valor posicional<br>\uf0fc Ordenar y comparar<br>\uf0fc Descomponer y componer cantidades de manera est\u00e1ndar y expandida.<br>\uf0fc Ubicar en la recta num\u00e9rica<br>\uf0fc Completar secuencias<br>Texto del estudiante tomo 1 p\u00e1g. 10 a 24<\/p>\n\n\n\n<p class=\"has-white-color has-vivid-red-background-color has-text-color has-background has-link-color wp-elements-b9eecc0a0d5ccb74b0561003f63bb4ae\"><strong>Evaluaci\u00f3n de Lenguaje y Comunicaci\u00f3n<\/strong><\/p>\n\n\n\n<p>Nombre Profesor(a): Javiera Parra<br>Curso: 5to b\u00e1sico<br>Fecha de la evaluaci\u00f3n: Jueves 26 de marzo<br>Contenidos: Lectura complementaria \u201c\u00a1Hay que salvar a Sole!\u201d<\/p>\n\n\n\n<hr class=\"wp-block-separator has-alpha-channel-opacity\"\/>\n\n\n\n<p class=\"has-white-color has-vivid-red-background-color has-text-color has-background has-link-color wp-elements-b9eecc0a0d5ccb74b0561003f63bb4ae\"><strong>Evaluaci\u00f3n de Lenguaje y Comunicaci\u00f3n<\/strong><\/p>\n\n\n\n<p>Nombre Profesor(a): Javiera Parra<br>Curso: 5to b\u00e1sico<br>Fecha de la evaluaci\u00f3n: Mi\u00e9rcoles 29 de abril.<br>Contenidos: Lectura complementaria \u201cEl incre\u00edble mundo de Llanca\u201d<\/p>\n\n\n\n<hr class=\"wp-block-separator has-alpha-channel-opacity\"\/>\n\n\n\n<p class=\"has-white-color has-vivid-red-background-color has-text-color has-background has-link-color wp-elements-b9eecc0a0d5ccb74b0561003f63bb4ae\"><strong>Evaluaci\u00f3n de Lenguaje y Comunicaci\u00f3n<\/strong><\/p>\n\n\n\n<p>Nombre Profesor(a): Javiera Parra<br>Curso: 5to b\u00e1sico<br>Fecha de la evaluaci\u00f3n: Mi\u00e9rcoles 27 de mayo.<br>Contenidos: Lectura complementaria \u201cLas vacaciones del peque\u00f1o Nicol\u00e1s\u201d<\/p>\n","protected":false},"excerpt":{"rendered":"<p>EVALUACI\u00d3N PARCIAL UNIDAD I Nombre Profesora: Vanessa D\u00edaz Car\u00faCurso: 5\u00b0 b\u00e1sicoAsignatura: Ciencias NaturalesFecha de la evaluaci\u00f3n: 24 de abrilObjetivo: * Reconocen el uso del agua en las actividades humanas, identificando&#8230;<\/p>\n<div class=\"royalnews-readmore-wrap\"><a href=\"https:\/\/www.northcross.cl\/index.php\/5-basico-a-2\/\" class=\"royalnews-readmore\">Explore more <i class=\"far fa-hand-point-right\"><\/i><\/a><\/div>\n","protected":false},"author":1,"featured_media":0,"parent":0,"menu_order":0,"comment_status":"closed","ping_status":"closed","template":"","meta":{"footnotes":""},"class_list":["post-4101","page","type-page","status-publish","hentry"],"_links":{"self":[{"href":"https:\/\/www.northcross.cl\/index.php\/wp-json\/wp\/v2\/pages\/4101","targetHints":{"allow":["GET"]}}],"collection":[{"href":"https:\/\/www.northcross.cl\/index.php\/wp-json\/wp\/v2\/pages"}],"about":[{"href":"https:\/\/www.northcross.cl\/index.php\/wp-json\/wp\/v2\/types\/page"}],"author":[{"embeddable":true,"href":"https:\/\/www.northcross.cl\/index.php\/wp-json\/wp\/v2\/users\/1"}],"replies":[{"embeddable":true,"href":"https:\/\/www.northcross.cl\/index.php\/wp-json\/wp\/v2\/comments?post=4101"}],"version-history":[{"count":18,"href":"https:\/\/www.northcross.cl\/index.php\/wp-json\/wp\/v2\/pages\/4101\/revisions"}],"predecessor-version":[{"id":15406,"href":"https:\/\/www.northcross.cl\/index.php\/wp-json\/wp\/v2\/pages\/4101\/revisions\/15406"}],"wp:attachment":[{"href":"https:\/\/www.northcross.cl\/index.php\/wp-json\/wp\/v2\/media?parent=4101"}],"curies":[{"name":"wp","href":"https:\/\/api.w.org\/{rel}","templated":true}]}}